of x?
29
What are the prime factors of (-6 + -12)/(4/(-10))?
3, 5
Let f(h) = 9*h. Let t be f(1). Let i = 3 + t. What are the prime factors of i?
2, 3
Let r(d) = d + 2. Let i be r(5). Let k be 14/6 + 2/(-6). Suppose -k*a + i = -15. What are the prime factors of a?
11
Let i(n) = n**3 + 7*n**2 + 2*n + 4. List the prime factors of i(-6).
2, 7
What are the prime factors of 1 + -1 + -1 + 27?
2, 13
Let u be (-8)/(-2) - (-9 - -1). Let f be (-8)/12 + 2/3. Suppose f = g - u - 4. List the prime factors of g.
2
What are the prime factors of (-2 - -1)*2/(-2) - -233?
2, 3, 13
Let y be (-1 - (-1)/4)*-8. Suppose 5*u + y - 1 = 0. What are the prime factors of 21 - 2 - (u + -1)?
3, 7
Suppose -4*f + 9 = -7. Suppose f*v - 8 = 44. Let d = -4 + v. What are the prime factors of d?
3
Suppose -18*s = -2716 - 1226. List the prime factors of s.
3, 73
Let o be 11*8 - (-6)/(-2). Let h = o - 42. What are the prime factors of h?
43
Let l be (-7 + 6)/(1/(-3)). Suppose 2*u + 0*u - l*v = 25, -3*u = 3*v. List the prime factors of u.
5
Suppose -342 = -9*f + 189. What are the prime factors of f?
59
Suppose 5*s - 16 = s. Suppose 0 = q + q - s. Suppose -w - q = -5. List the prime factors of w.
3
Let j(q) = q - 10. Let x be j(9). Let z = x - -7. Suppose 5*l - 44 - z = 0. What are the prime factors of l?
2, 5
Let m(p) = p + 14. Let j be m(-7). Suppose -j = 3*h - 4*h. List the prime factors of h.
7
Let v = 85 - 29. What are the prime factors of v?
2, 7
Let n be 1/(((-21)/(-162))/7). Suppose p + 2*p = n. List the prime factors of p.
2, 3
Suppose -3*u = -2*u - 42. What are the prime factors of u?
2, 3, 7
Suppose -187 = -4*r + 25. List the prime factors of r.
53
Let t = 11 - 10. Let o(b) = 19*b**3 + 2*b**2 - b. What are the prime factors of o(t)?
2, 5
Let b(t) = t**2 - 4*t + 5. What are the prime factors of b(10)?
5, 13
Suppose l = -3*x + 12, 0 = -5*x - 2*l - 13 + 32. Suppose 2*b - 8 = 16. Suppose d = x*d - b. List the prime factors of d.
3
Let m = 180 - 42. List the prime factors of m.
2, 3, 23
What are the prime factors of (3/2 - 1) + (-2755)/(-38)?
73
Let y(v) = v**3 - 7*v**2 + 13*v + 1. List the prime factors of y(7).
2, 23
Suppose -4 + 252 = 8*p. What are the prime factors of p?
31
Let f = -15 + 29. What are the prime factors of f?
2, 7
Let h(d) = d**2 - d + 20. List the prime factors of h(6).
2, 5
Suppose 4*q + 15 + 5 = 0, -5 = -s + 3*q. Let r(t) = -4*t - 21. What are the prime factors of r(s)?
19
Let c = -4 + 4. Let o(f) = f**3 + 2 - f + f. List the prime factors of o(c).
2
What are the prime factors of -2 - (8/(-2) + -108)?
2, 5, 11
Let i(d) = -d**3 + 9*d**2 - 6*d + 2. Let q be i(7). Let j = q + -23. List the prime factors of j.
5, 7
Suppose v = 3*n + 2*n - 12, 4*v = -4*n. What are the prime factors of n/9 + 52/9?
2, 3
Let q(l) = -l - 6. Let s be q(-5). Let z = -2 + s. What are the prime factors of (-1 + 1 + -1)*z?
3
Let q = 2 - 4. Let t(w) = -w. Let u be t(q). What are the prime factors of 2 + (-1 + u - 0)?
3
Let x = 284 + -196. What are the prime factors of x?
2, 11
Let h(q) = 3*q**2 - 3*q**2 - 4 + 3*q + q**2. Let j be h(-7). Suppose -j = -z - z. What are the prime factors of z?
2, 3
Suppose -19 - 113 = -6*w. Let c = w - 20. What are the prime factors of c?
2
Let v(m) = m**3 + m**2 + m + 5. Let p be v(0). Suppose p*y + 10 = 3*q + 2*q, y + 4*q = 18. What are the prime factors of y?
2
Suppose 5*q = q. Let z = q - -2. Suppose -40 = -3*h - z*h. What are the prime factors of h?
2
What are the prime factors of (-438)/(-4) - 30/20?
2, 3
Let p(f) be the third derivative of f**6/120 - f**5/15 - f**4/6 + f**3 + f**2. Let y be p(5). Suppose -u + y = -0*u. What are the prime factors of u?
11
Suppose 79 + 656 = 5*n. Suppose -5*y - 2*f + 162 = -f, 4*y = 5*f + n. List the prime factors of y.
3, 11
Let p(c) = -c**2 + 8*c + 1. Let g be 62/8 + 2/8. Let i be p(g). List the prime factors of (5 + i)*(-2)/(-4).
3
Let q(h) be the second derivative of -h**5/2 + h**4/6 + h**3/6 + 2*h. List the prime factors of q(-1).
11
Suppose -161 = -5*h - 3*p - p, 37 = h - 4*p. What are the prime factors of h?
3, 11
Suppose 6 = 2*f - 4*a - 4, 5*f - a = 16. Let q(b) = -2*b**2 + 2*b - 7. Let o(v) = -v**2 + v - 4. Let i(n) = 7*o(n) - 4*q(n). What are the prime factors of i(f)?
2, 3
Suppose 5*l - 32 = -4*p, -2*p + 26 = l + 4*l. Suppose s - p = 4*s. What are the prime factors of 4*(1 + -1 - s)?
2
Let d(v) = -2*v - 2. Let u be d(-2). Suppose o - u*o + 8 = 0. What are the prime factors of o?
2
Suppose 3*m - 15 = -3*s, 9*m - 25 = -3*s + 4*m. Suppose s = 2*f - 7 + 1. What are the prime factors of f?
3
Suppose -2*w = -0*w + 66. Let m = -3 + w. What are the prime factors of -2 + 2 - m/4?
3
Suppose -2*m - 3*m = 0. Suppose -4*l + 20 = -3*x, 5*l + 2*x + m*x = 25. List the prime factors of l.
5
Let r(y) = -2*y + 33. List the prime factors of r(10).
13
Suppose -2*w + 0 + 12 = 0. Let r(b) = 4*b - 6. What are the prime factors of r(w)?
2, 3
Let r = -1 + 3. Suppose -4*c - 3*v = -186 - r, 0 = -4*v. Suppose 5*f - c - 8 = 0. List the prime factors of f.
11
Suppose d + 2 = 2*d. Suppose -d*n - n + 69 = 0. What are the prime factors of n?
23
Let p(f) = -f - 6. Let i be p(-3). Let n be ((-8)/(-6))/((-2)/i). Suppose -4*l + n + 34 = 0. What are the prime factors of l?
3
What are the prime factors of (-2)/4 + (118/4 - 2)?
3
Suppose -25 = -5*o, 5*w + 5*o - 150 = 6*o. List the prime factors of w.
31
Let j(h) = -2*h**2 - 4*h - 3. Let p be j(-3). Let m be (p/6)/(1/(-2)). Suppose -d + m*d = 24. List the prime factors of d.
2, 3
Let d(q) = q**3 + 6*q**2 + 6*q + 1. Let x = -4 - 0. Let a be d(x). Let n = -6 + a. What are the prime factors of n?
3
Suppose -6*d + 10*d - 1012 = 0. What are the prime factors of d?
11, 23
Let s = 53 - -49. What are the prime factors of s?
2, 3, 17
Suppose 5*t - 63 = -4*c + 94, 5*c = 3*t + 150. What are the prime factors of c?
3, 11
Let h = 4 - 1. Suppose h*k - 3 = 2*k, 2*v = -2*k + 28. Suppose 0 = -4*f - 5*s + s + 36, f + 2*s - v = 0. What are the prime factors of f?
7
Suppose 32*m - 34*m + 290 = 0. What are the prime factors of m?
5, 29
Let v(d) = -17*d**2 + d. Let m be v(1). Let y = -7 - m. Suppose -y = -2*k + 5. List the prime factors of k.
7
Let w(l) = l**3 - l + 51. List the prime factors of w(0).
3, 17
Suppose 3*u = 5*g - 0*u + 5, 3*u = 2*g + 11. Let z be (g/(-6))/(2/(-66)). Let y = 0 + z. What are the prime factors of y?
11
Let m be (-3)/2*2/3. Let p(i) = 32*i**2 - 2*i - 1. List the prime factors of p(m).
3, 11
Suppose 0 = -h - h. Let b be 1/(1 - h) - -32. List the prime factors of (-2)/(-6) + b/9.
2
Let m be 2/(-7) + 1434/21. What are the prime factors of m/5 + 6/15?
2, 7
List the prime factors of (156/(-9))/(1/(-3)).
2, 13
Suppose 0 = 3*t - 5*i - 112, 0 = -4*t - 2*i - i + 101. Suppose 0 = -2*j + t + 29. What are the prime factors of j?
29
Suppose -4*k + 26 = -2*o, -3*o = k - 0*k + 4. Suppose -2*i + k*i = 21. What are the prime factors of i?
7
Let o = -12 + 28. Suppose -q + 3*y = o, -q = -y - y + 12. What are the prime factors of 3 + -1 + (1 - q)?
7
Suppose 8*w - 2*w = 492. List the prime factors of w.
2, 41
Let r = -11 - -17. List the prime factors of r.
2, 3
Suppose m + 5*n - 18 = 0, 5*m + n + 0 = 66. Suppose h = -0*h + m. Suppose 2 = -z + h. What are the prime factors of z?
11
Suppose -13*b = -385 - 538. List the prime factors of b.
71
Suppose -3*y = -5*a + 475, 0 = y - 0*y. List the prime factors of a.
5, 19
Let x = -74 + 147. List the prime factors of x.
73
Let z = 8 + 4. Let r = 21 - z. What are the prime factors of r?
3
Let n(k) = -13*k - 1. Let p be n(-1). Let v = p + -7. Let x = v - -5. List the prime factors of x.
2, 5
Let r(v) = -v**3 + 4*v**2 - 2*v - 1. Let p be r(2). Suppose 6*f - 3*f + 5*h - 25 = 0, -f + h + p = 0. What are the prime factors of f?
5
Let i = 0 - -5. Let n(s) = -s**2 + 5*s + 7. List the prime factors of n(i).
7
Suppose -17 = -2*x + 31. Let v = -13 + x. What are the prime factors of v?
11
Suppose 7*z - 5*z = 76. Let f = 67 - z. What are the prime factors of f?
29
Let y be (-1)/1 - (-1 + 1). Let x(g) be the third derivative of g**5/10 + g**2. What are the prime factors of x(y)?
2, 3
Let y be 268/(-22) + 6/33. List the prime factors of (-3)/(1 + 2)*y.
2, 3
Suppose q - 7 = 2*w + 7, -2*q + 2*w = -18. Let r(i) = 2*i - 3. Let p be r(q). Suppose 0*j - j = -p*h - 7, 2*j = 4*h + 20. List the 